{"id":1595,"date":"2021-02-18T14:02:07","date_gmt":"2021-02-18T11:02:07","guid":{"rendered":"http:\/\/www.nogamobilya.com\/?page_id=1595"},"modified":"2021-08-25T13:04:15","modified_gmt":"2021-08-25T10:04:15","slug":"kurumsal","status":"publish","type":"page","link":"http:\/\/www.nogamobilya.com\/index.php\/kurumsal\/","title":{"rendered":"Kurumsal"},"content":{"rendered":"<p>[vc_row css=&#8221;.vc_custom_1618231932323{margin-bottom: 40px !important;}&#8221;][vc_column][vc_column_text]<\/p>\n<blockquote>\n<h1 style=\"text-align: left; font-family: Playfair Display;\">Hakk\u0131m\u0131zda<\/h1>\n<\/blockquote>\n<p>[\/vc_column_text][vc_custom_heading text=&#8221;1998 y\u0131l\u0131nda kurulmu\u015f olan firmam\u0131z, 9000m2 \u00fcretim alan\u0131 ile modern ah\u015fap mobilya \u00fcretiminde zaman\u0131n gereklerini \u00e7ok iyi yakip edip uygulayarak \u00fcretime ba\u015flad\u0131\u011f\u0131 ilk g\u00fcnden itibaren kalitesini belli etmi\u015f ve sekt\u00f6rdeki yerini \u00e7ok sa\u011flam bir temel \u00fczerine yerle\u015ftirmeyi ba\u015farm\u0131\u015ft\u0131r.&#8221; font_container=&#8221;tag:p|font_size:14px|text_align:left|color:%23000000&#8243; google_fonts=&#8221;font_family:Quicksand%3A300%2Cregular%2C700|font_style:400%20regular%3A400%3Anormal&#8221;][vc_custom_heading text=&#8221;Firmam\u0131z birbirine \u00e7ok ba\u011fl\u0131 ve i\u015fb\u00f6l\u00fcm\u00fcn\u00fc sistematik bir \u015fekilde yapmay\u0131 ba\u015farm\u0131\u015f d\u00f6rt karde\u015ften olu\u015fan y\u00f6netim kuruluyla sa\u011flam ve g\u00fcvenilir bir aile \u015firketi konumundad\u0131r.&#8221; font_container=&#8221;tag:p|font_size:14px|text_align:left|color:%23000000&#8243; google_fonts=&#8221;font_family:Quicksand%3A300%2Cregular%2C700|font_style:400%20regular%3A400%3Anormal&#8221;][vc_custom_heading text=&#8221;Noga Mobilya olarak misyon ve vizyonumuzun gere\u011fi hi\u00e7 bir \u015fekilde kaliteden \u00f6d\u00fcn vermeksizin, dal\u0131m\u0131zda en iyi birim de\u011ferlerimizle hizmet sunmak, her t\u00fcrl\u00fc olumlu olumsuz bilgilendirme ve ileti\u015fime a\u00e7\u0131k kalarak, \u00fcr\u00fcn kalitemizin korunmas\u0131 amac\u0131yla her detayda t\u00fcm farkl\u0131la\u015fmalar\u0131 en h\u0131zl\u0131 \u015fekilde sa\u011flamak, sayg\u0131y\u0131 ve sayg\u0131nl\u0131\u011f\u0131m\u0131z\u0131 daima her \u015feyin \u00fcst\u00fcnde g\u00f6rmek temel politikam\u0131zd\u0131r.&#8221; font_container=&#8221;tag:p|font_size:14px|text_align:left|color:%23000000&#8243; google_fonts=&#8221;font_family:Quicksand%3A300%2Cregular%2C700|font_style:400%20regular%3A400%3Anormal&#8221;][\/vc_column][\/vc_row][vc_row][vc_column width=&#8221;1\/2&#8243;][vc_column_text]<\/p>\n<blockquote>\n<h1 style=\"text-align: left; font-family: Playfair Display;\">Vizyon<\/h1>\n<\/blockquote>\n<p>[\/vc_column_text][vc_custom_heading text=&#8221;D\u00fcnyadaki sekt\u00f6rel de\u011fi\u015fim ve geli\u015fimi yak\u0131ndan takip etmek, konusunda her y\u00f6nden takdir ve ilgi ile izlenmekte olan liderli\u011fini korumak, bu ama\u00e7la AR-GE \u00e7al\u0131\u015fmalar\u0131yla s\u00fcrekli de\u011fi\u015fime a\u00e7\u0131k bir teknik alt yap\u0131 ile g\u00fcncelli\u011fini s\u00fcrd\u00fcrmek bilinci ve azmindeyiz.&#8221; font_container=&#8221;tag:p|font_size:14px|text_align:left|color:%23000000&#8243; google_fonts=&#8221;font_family:Quicksand%3A300%2Cregular%2C700|font_style:400%20regular%3A400%3Anormal&#8221;][\/vc_column][vc_column width=&#8221;1\/2&#8243;][vc_column_text]<\/p>\n<blockquote>\n<h1 style=\"text-align: left; font-family: Playfair Display;\">Misyon<\/h1>\n<\/blockquote>\n<p>[\/vc_column_text][vc_custom_heading text=&#8221;Do\u011faya ve insan fakt\u00f6r\u00fcne en b\u00fcy\u00fck de\u011feri veren kurulu\u015fumuz, ergonomik ve sosyal a\u00e7\u0131dan, sahip olacaklar\u0131 her \u00fcr\u00fcnde bireylere beklentilerinin \u00fczerinde bir hizmet ve de\u011ferin ula\u015f\u0131m\u0131n\u0131 sa\u011flayabilmenin sevinci ve co\u015fkusu ile \u00e7al\u0131\u015fmaktad\u0131r.&#8221; font_container=&#8221;tag:p|font_size:14px|text_align:left|color:%23000000&#8243; google_fonts=&#8221;font_family:Quicksand%3A300%2Cregular%2C700|font_style:400%20regular%3A400%3Anormal&#8221;][vc_custom_heading text=&#8221;Ahlaka, milli ve ticari de\u011ferlere sayg\u0131l\u0131 d\u00fcr\u00fcst bir \u00fcretici olup \u00f6z\u00fcrs\u00fcz, dayan\u0131kl\u0131 ve uzun \u00f6m\u00fcrl\u00fc \u00fcr\u00fcnleriyle Elmal\u0131 ad\u0131n\u0131 nesillere yaymak amac\u0131ndad\u0131r.&#8221; font_container=&#8221;tag:p|font_size:14px|text_align:left|color:%23000000&#8243; google_fonts=&#8221;font_family:Quicksand%3A300%2Cregular%2C700|font_style:400%20regular%3A400%3Anormal&#8221;][vc_custom_heading text=&#8221;Hedefe ula\u015fman\u0131n bir tak\u0131m ruhu i\u00e7inde olaca\u011f\u0131na y\u00fcrekten inanan kurulu\u015fumuz, t\u00fcm teknik kadrosuyla her konuda ve her f\u0131rsatta kendini yenilemektedir.&#8221; font_container=&#8221;tag:p|font_size:14px|text_align:left|color:%23000000&#8243; google_fonts=&#8221;font_family:Quicksand%3A300%2Cregular%2C700|font_style:400%20regular%3A400%3Anormal&#8221;][\/vc_column][\/vc_row]<\/p>\n","protected":false},"excerpt":{"rendered":"<p>[vc_row css=&#8221;.vc_custom_1618231932323{margin-bottom: 40px !important;}&#8221;][vc_column][vc_column_text] Hakk\u0131m\u0131zda [\/vc_column_text][vc_custom_heading text=&#8221;1998 y\u0131l\u0131nda kurulmu\u015f olan firmam\u0131z, 9000m2 \u00fcretim alan\u0131 ile modern ah\u015fap mobilya \u00fcretiminde zaman\u0131n<\/p>\n","protected":false},"author":1,"featured_media":0,"parent":0,"menu_order":0,"comment_status":"closed","ping_status":"closed","template":"","meta":{"footnotes":""},"class_list":["post-1595","page","type-page","status-publish","hentry"],"yoast_head":"<!-- This site is optimized with the Yoast SEO plugin v17.4 - https:\/\/yoast.com\/wordpress\/plugins\/seo\/ -->\n<title>Kurumsal - Noga Mobilya<\/title>\n<meta name=\"description\" content=\"Noga Mobilya, Bursa \u0130neg\u00f6l`den t\u00fcm d\u00fcnyaya kaliteli mobilya \u00fcretimi ve sat\u0131\u015f\u0131 yapan, uygun fiyatl\u0131 mobilya markas\u0131d\u0131r.\" \/>\n<meta name=\"robots\" content=\"index, follow, max-snippet:-1, max-image-preview:large, max-video-preview:-1\" \/>\n<link rel=\"canonical\" href=\"http:\/\/www.nogamobilya.com\/index.php\/kurumsal\/\" \/>\n<meta property=\"og:locale\" content=\"tr_TR\" \/>\n<meta property=\"og:type\" content=\"article\" \/>\n<meta property=\"og:title\" content=\"Kurumsal - Noga Mobilya\" \/>\n<meta property=\"og:description\" content=\"Noga Mobilya, Bursa \u0130neg\u00f6l`den t\u00fcm d\u00fcnyaya kaliteli mobilya \u00fcretimi ve sat\u0131\u015f\u0131 yapan, uygun fiyatl\u0131 mobilya markas\u0131d\u0131r.\" \/>\n<meta property=\"og:url\" content=\"http:\/\/www.nogamobilya.com\/index.php\/kurumsal\/\" \/>\n<meta property=\"og:site_name\" content=\"Noga Mobilya\" \/>\n<meta property=\"article:modified_time\" content=\"2021-08-25T10:04:15+00:00\" \/>\n<meta name=\"twitter:card\" content=\"summary_large_image\" \/>\n<meta name=\"twitter:label1\" content=\"Tahmini okuma s\u00fcresi\" \/>\n\t<meta name=\"twitter:data1\" content=\"3 dakika\" \/>\n<script type=\"application\/ld+json\" class=\"yoast-schema-graph\">{\"@context\":\"https:\/\/schema.org\",\"@graph\":[{\"@type\":\"Organization\",\"@id\":\"https:\/\/www.nogamobilya.com\/#organization\",\"name\":\"Noga Mobilya\",\"url\":\"https:\/\/www.nogamobilya.com\/\",\"sameAs\":[],\"logo\":{\"@type\":\"ImageObject\",\"@id\":\"https:\/\/www.nogamobilya.com\/#logo\",\"inLanguage\":\"tr\",\"url\":\"https:\/\/www.nogamobilya.com\/wp-content\/uploads\/2021\/04\/noga-logo.png\",\"contentUrl\":\"https:\/\/www.nogamobilya.com\/wp-content\/uploads\/2021\/04\/noga-logo.png\",\"width\":330,\"height\":80,\"caption\":\"Noga Mobilya\"},\"image\":{\"@id\":\"https:\/\/www.nogamobilya.com\/#logo\"}},{\"@type\":\"WebSite\",\"@id\":\"https:\/\/www.nogamobilya.com\/#website\",\"url\":\"https:\/\/www.nogamobilya.com\/\",\"name\":\"Noga Mobilya\",\"description\":\"modern design\",\"publisher\":{\"@id\":\"https:\/\/www.nogamobilya.com\/#organization\"},\"potentialAction\":[{\"@type\":\"SearchAction\",\"target\":{\"@type\":\"EntryPoint\",\"urlTemplate\":\"https:\/\/www.nogamobilya.com\/?s={search_term_string}\"},\"query-input\":\"required name=search_term_string\"}],\"inLanguage\":\"tr\"},{\"@type\":\"WebPage\",\"@id\":\"http:\/\/www.nogamobilya.com\/index.php\/kurumsal\/#webpage\",\"url\":\"http:\/\/www.nogamobilya.com\/index.php\/kurumsal\/\",\"name\":\"Kurumsal - Noga Mobilya\",\"isPartOf\":{\"@id\":\"https:\/\/www.nogamobilya.com\/#website\"},\"datePublished\":\"2021-02-18T11:02:07+00:00\",\"dateModified\":\"2021-08-25T10:04:15+00:00\",\"description\":\"Noga Mobilya, Bursa \\u0130neg\\u00f6l`den t\\u00fcm d\\u00fcnyaya kaliteli mobilya \\u00fcretimi ve sat\\u0131\\u015f\\u0131 yapan, uygun fiyatl\\u0131 mobilya markas\\u0131d\\u0131r.\",\"breadcrumb\":{\"@id\":\"http:\/\/www.nogamobilya.com\/index.php\/kurumsal\/#breadcrumb\"},\"inLanguage\":\"tr\",\"potentialAction\":[{\"@type\":\"ReadAction\",\"target\":[\"http:\/\/www.nogamobilya.com\/index.php\/kurumsal\/\"]}]},{\"@type\":\"BreadcrumbList\",\"@id\":\"http:\/\/www.nogamobilya.com\/index.php\/kurumsal\/#breadcrumb\",\"itemListElement\":[{\"@type\":\"ListItem\",\"position\":1,\"name\":\"Anasayfa\",\"item\":\"https:\/\/www.nogamobilya.com\/\"},{\"@type\":\"ListItem\",\"position\":2,\"name\":\"Kurumsal\"}]}]}<\/script>\n<!-- \/ Yoast SEO plugin. -->","yoast_head_json":{"title":"Kurumsal - Noga Mobilya","description":"Noga Mobilya, Bursa \u0130neg\u00f6l`den t\u00fcm d\u00fcnyaya kaliteli mobilya \u00fcretimi ve sat\u0131\u015f\u0131 yapan, uygun fiyatl\u0131 mobilya markas\u0131d\u0131r.","robots":{"index":"index","follow":"follow","max-snippet":"max-snippet:-1","max-image-preview":"max-image-preview:large","max-video-preview":"max-video-preview:-1"},"canonical":"http:\/\/www.nogamobilya.com\/index.php\/kurumsal\/","og_locale":"tr_TR","og_type":"article","og_title":"Kurumsal - Noga Mobilya","og_description":"Noga Mobilya, Bursa \u0130neg\u00f6l`den t\u00fcm d\u00fcnyaya kaliteli mobilya \u00fcretimi ve sat\u0131\u015f\u0131 yapan, uygun fiyatl\u0131 mobilya markas\u0131d\u0131r.","og_url":"http:\/\/www.nogamobilya.com\/index.php\/kurumsal\/","og_site_name":"Noga Mobilya","article_modified_time":"2021-08-25T10:04:15+00:00","twitter_card":"summary_large_image","twitter_misc":{"Tahmini okuma s\u00fcresi":"3 dakika"},"schema":{"@context":"https:\/\/schema.org","@graph":[{"@type":"Organization","@id":"https:\/\/www.nogamobilya.com\/#organization","name":"Noga Mobilya","url":"https:\/\/www.nogamobilya.com\/","sameAs":[],"logo":{"@type":"ImageObject","@id":"https:\/\/www.nogamobilya.com\/#logo","inLanguage":"tr","url":"https:\/\/www.nogamobilya.com\/wp-content\/uploads\/2021\/04\/noga-logo.png","contentUrl":"https:\/\/www.nogamobilya.com\/wp-content\/uploads\/2021\/04\/noga-logo.png","width":330,"height":80,"caption":"Noga Mobilya"},"image":{"@id":"https:\/\/www.nogamobilya.com\/#logo"}},{"@type":"WebSite","@id":"https:\/\/www.nogamobilya.com\/#website","url":"https:\/\/www.nogamobilya.com\/","name":"Noga Mobilya","description":"modern design","publisher":{"@id":"https:\/\/www.nogamobilya.com\/#organization"},"potentialAction":[{"@type":"SearchAction","target":{"@type":"EntryPoint","urlTemplate":"https:\/\/www.nogamobilya.com\/?s={search_term_string}"},"query-input":"required name=search_term_string"}],"inLanguage":"tr"},{"@type":"WebPage","@id":"http:\/\/www.nogamobilya.com\/index.php\/kurumsal\/#webpage","url":"http:\/\/www.nogamobilya.com\/index.php\/kurumsal\/","name":"Kurumsal - Noga Mobilya","isPartOf":{"@id":"https:\/\/www.nogamobilya.com\/#website"},"datePublished":"2021-02-18T11:02:07+00:00","dateModified":"2021-08-25T10:04:15+00:00","description":"Noga Mobilya, Bursa \u0130neg\u00f6l`den t\u00fcm d\u00fcnyaya kaliteli mobilya \u00fcretimi ve sat\u0131\u015f\u0131 yapan, uygun fiyatl\u0131 mobilya markas\u0131d\u0131r.","breadcrumb":{"@id":"http:\/\/www.nogamobilya.com\/index.php\/kurumsal\/#breadcrumb"},"inLanguage":"tr","potentialAction":[{"@type":"ReadAction","target":["http:\/\/www.nogamobilya.com\/index.php\/kurumsal\/"]}]},{"@type":"BreadcrumbList","@id":"http:\/\/www.nogamobilya.com\/index.php\/kurumsal\/#breadcrumb","itemListElement":[{"@type":"ListItem","position":1,"name":"Anasayfa","item":"https:\/\/www.nogamobilya.com\/"},{"@type":"ListItem","position":2,"name":"Kurumsal"}]}]}},"_links":{"self":[{"href":"http:\/\/www.nogamobilya.com\/index.php\/wp-json\/wp\/v2\/pages\/1595","targetHints":{"allow":["GET"]}}],"collection":[{"href":"http:\/\/www.nogamobilya.com\/index.php\/wp-json\/wp\/v2\/pages"}],"about":[{"href":"http:\/\/www.nogamobilya.com\/index.php\/wp-json\/wp\/v2\/types\/page"}],"author":[{"embeddable":true,"href":"http:\/\/www.nogamobilya.com\/index.php\/wp-json\/wp\/v2\/users\/1"}],"replies":[{"embeddable":true,"href":"http:\/\/www.nogamobilya.com\/index.php\/wp-json\/wp\/v2\/comments?post=1595"}],"version-history":[{"count":17,"href":"http:\/\/www.nogamobilya.com\/index.php\/wp-json\/wp\/v2\/pages\/1595\/revisions"}],"predecessor-version":[{"id":2164,"href":"http:\/\/www.nogamobilya.com\/index.php\/wp-json\/wp\/v2\/pages\/1595\/revisions\/2164"}],"wp:attachment":[{"href":"http:\/\/www.nogamobilya.com\/index.php\/wp-json\/wp\/v2\/media?parent=1595"}],"curies":[{"name":"wp","href":"https:\/\/api.w.org\/{rel}","templated":true}]}}